6
Suppose 3*i - 7 = -5*h, -4*h - 2*i + 6*i + 12 = 0. Suppose 60 = h*l + 3*l. What is the units digit of l?
2
Let k be 4/(48/(-4))*0. Suppose p - 2*z - 90 = -p, k = -p - 5*z + 21. What is the tens digit of p?
4
Let b(q) be the third derivative of q**5/5 - q**4/12 + q**3/6 - q**2. What is the units digit of b(1)?
1
Suppose t + 3*q - 77 - 72 = 0, 0 = -2*t - 4*q + 300. What is the units digit of t?
2
Let i(v) = v. Let h be i(0). Suppose h = 5*o - 40 - 20. What is the tens digit of o?
1
What is the units digit of 18/5 + 3/(-5)?
3
Suppose 2*x - 4*r - r - 99 = 0, 2*r = -2*x + 78. What is the units digit of x?
2
Suppose -4*w + 4*d = w - 286, 142 = 3*w + 5*d. Let b = w + -22. What is the units digit of b?
2
Let m(d) = d - 1. Let n(l) = -l**2 + 7*l - 3. Let c(y) = m(y) + n(y). Let q be (-1)/((-10)/(-12) + -1). What is the units digit of c(q)?
8
Suppose 0 = g + 3*g + 5*w - 147, 0 = -3*g + 4*w + 149. Let u = g - 22. What is the units digit of u?
1
Suppose i - 12 = 4*i. Let n(h) = -h - 2. What is the units digit of n(i)?
2
Let m = -14 + 11. What is the tens digit of 25 + 3/(m/(-2))?
2
Let u be 17 + (0 - (5 - 2)). Suppose 10*r + u = 11*r. Suppose 5*k - r = 61. What is the tens digit of k?
1
Suppose -4 = m - 1, -14 = -x + 3*m. Let n be 2/x - 6/(-10). Suppose 4 = h - n. What is the units digit of h?
5
What is the tens digit of 1 - -24*(-4)/(-3)?
3
Let q(p) = p**3 + 7*p**2 + 4*p + 7. Let y(u) = -u**3 - 5*u**2 - 3*u - 2. Let z be y(-4). What is the tens digit of q(z)?
1
Suppose 6 + 64 = 2*t. What is the tens digit of t?
3
Let r(m) = m + 1. Let k be r(0). Suppose -5*y = -11 + k. What is the units digit of y?
2
Let h(x) = -14*x - 10. Let n be h(-6). Suppose -2*g - 2*g = 2*o - n, -95 = -4*g + 5*o. What is the tens digit of g?
2
Suppose 4*k - 1 = 7. Suppose -4*i + 32 = -i - 2*p, k*p - 52 = -3*i. What is the tens digit of i?
1
Suppose -12 = -2*j + 6. Let h = -2 + 18. Let t = h - j. What is the units digit of t?
7
Let c(s) = -8*s - s - s**2 + 1 - 3. Let o be c(-9). What is the units digit of (-3)/6 + (-3)/o?
1
Suppose 5*g = 3*v + 6*g + 31, -v + 8 = 4*g. Let d = v - -22. What is the tens digit of d?
1
Suppose 0 = 4*j - 9 + 41. Let r(g) = 2*g**2 - 11*g + 5. Let b be r(7). Let v = j + b. What is the tens digit of v?
1
Let k = -18 + 5. Let y(o) be the third derivative of -o**6/120 - 7*o**5/30 - 13*o**4/24 + 5*o**3/6 + o**2. What is the units digit of y(k)?
5
Let x(i) be the first derivative of i**2 - 6*i + 3. What is the units digit of x(5)?
4
Suppose -10*v + 329 = -3*v. What is the units digit of v?
7
Let a(c) = -c**2 + 13*c - 1. What is the units digit of a(11)?
1
Suppose 0*b + f = b + 6, 2*b + 5*f = 16. Let h(p) = -3 + p - p - 4*p. What is the units digit of h(b)?
5
Suppose -27 - 477 = -6*w. What is the tens digit of w?
8
Let u(l) = -l. Let i be u(1). Suppose 26*k - 31*k + 30 = 0. What is the tens digit of k - 6 - 21*i?
2
Let a = 190 + -136. Suppose 2*d - a = -d. What is the units digit of d?
8
Let j be ((-1 - -3) + -1)*-8. Let i(x) = x**3 + 8*x**2 - x - 9. Let d be i(j). Let s = 3 - d. What is the units digit of s?
4
Suppose -2*l - 166 = -5*s, 0 = -s - 2*l - 0*l + 38. What is the units digit of s?
4
Suppose y = 4*f - 454, -5*f + 257 + 302 = 3*y. What is the hundreds digit of f?
1
Suppose -3*a + 220 = 7*a. What is the tens digit of a?
2
Let k = 256 + -140. What is the units digit of k?
6
Suppose -485 = -3*c + 181. What is the tens digit of c?
2
What is the tens digit of (-582)/9*((-30)/4)/5?
9
Let n(d) = d. Let x be n(3). Suppose 15 = x*t - 15. What is the units digit of t?
0
Let d be 4/16 - (-45)/(-4). Let l = 15 + d. What is the units digit of l/6 + 1/3?
1
Let z = 16 + -12. Suppose 3*y - 122 = -z*f - 27, y = 1. What is the units digit of f?
3
Suppose 64 = 2*l - 30. What is the units digit of l?
7
Let r = 100 - 63. Let c = 52 - r. What is the tens digit of c?
1
Suppose 11*x = 9*x + 174. What is the units digit of x?
7
Let v be 2/7 + 52/14. Suppose v*q + 0*q - 16 = 0. Suppose -m - q*o + 1 = 0, -3*o + 4 = 4*m - 0. What is the units digit of m?
1
Let d(v) = -v**2 + 9*v - 4. Let f(y) = y**2 + 6*y + 1. Let o be f(-6). Let m be (-4)/(-3)*6 - o. What is the tens digit of d(m)?
1
What is the tens digit of -10*20/(-8)*1?
2
Suppose 3*b - m = -364, 0 = 2*b + m - 5*m + 246. Let w = 171 + b. What is the units digit of w?
0
Suppose 276 = -49*d + 52*d. What is the tens digit of d?
9
Suppose 5*r = -3*r + 1568. What is the units digit of r?
6
Let f be (-10)/(-2)*(-44)/(-10). Suppose 0 = -3*a + f + 5. What is the units digit of a?
9
Suppose 6*j - j = 0. Suppose 27 = -j*k + 3*k. What is the units digit of k?
9
Let z(s) = s**2 + 6*s - 11. Let b(o) = -o**2 - 7*o + 11. Let v(j) = -5*b(j) - 6*z(j). What is the units digit of v(0)?
1
Let h(t) = -12*t + 5. Let n be h(2). Let y = n - -47. What is the tens digit of y?
2
Let i = 1 + 2. Suppose -i*z + 17 + 7 = 0. What is the units digit of z?
8
Suppose -77 = -3*q + 79. What is the tens digit of q?
5
Let n(q) = q**2 - q - 2. Suppose -10 = 2*a + 3*a. Let j be n(a). Suppose j*s - 2*s = 10. What is the units digit of s?
5
Let v(p) = -2*p**3 + p**2 - p + 1. Let c be v(1). Let q = c + 4. What is the units digit of q?
3
Suppose 0 = -r + 6*r - 20. Suppose 44 = r*u - 2*u + c, -22 = -u + c. What is the tens digit of u?
2
Let f(m) = -m**3 - 5*m**2 + 8*m + 7. Let y be 0 + (-1)/((-2)/(-12)). Let u be f(y). Let h = 6 + u. What is the units digit of h?
1
Suppose -2*t - 12 = -4. Let v = 0 - t. Suppose -4*i = -v*l + 4, -i + 3*l - 5 = 2. What is the units digit of i?
2
Let n = -18 - -3. What is the units digit of (-5)/(n/(-141))*-1?
7
Let x(t) = 7*t**2 + 2*t + 4. What is the units digit of x(-2)?
8
What is the tens digit of 1*4*-129*4/(-24)?
8
Let r = 3 - -2. Let t = r + 0. Suppose -2*d + t*d = 63. What is the units digit of d?
1
Suppose 4 = v + v. Suppose v*x = -2 + 14. Suppose -2 = 4*b - x. What is the units digit of b?
1
What is the units digit of (-1 + 34/4)/((-15)/(-200))?
0
Suppose 5*l + 5*h - 40 = 0, -20 = -8*h + 3*h. Suppose 6*y - 45 = 3*y. Suppose l*r - y - 5 = 0. What is the units digit of r?
5
Suppose -3*u - 2*q + 67 = 0, 3*q + q = -2*u + 58. What is the tens digit of u?
1
Suppose -3*h - 6 = -5*h + 2*o, 4*o = 0. What is the units digit of (-99)/(-18) - h/2?
4
Let d(s) = -s**2 + 8*s + 2. Let f be d(8). Let l be 0 + -1 + 1 + f. Suppose -l*j + 5 = 1. What is the units digit of j?
2
Suppose -6*f = -104 - 250. What is the tens digit of f?
5
Suppose 0 = 5*d + g - 4*g, 4*d + 3*g = -27. Let t = -6 - d. Let x = t + 17. What is the units digit of x?
4
Suppose -5*w - 11 = z, -z = -2*z + 5*w + 19. Suppose 2*f - 12 = z. What is the units digit of f?
8
Let c be 697/17 - (-8)/2. Suppose -c = -4*u + 43. What is the units digit of u?
2
Let o = 181 + -50. What is the tens digit of o?
3
Let i be (-8)/(-3)*273/(-26). Let d = -1 - i. What is the tens digit of d?
2
Let g be 5 + (-2 - 0) + -1. Suppose -2*t + 7 = -k, g*k = -3*t + 10 + 11. What is the units digit of k?
3
Let o = -5 - -2. Let m = 9 + o. What is the units digit of m?
6
Suppose 5*d + 0 = 10. Suppose -c = -d*c + 5. What is the units digit of c?
5
Let c(q) = -2*q - 2. Let u be c(-2). Suppose 0*j = u*x + 2*j - 4, x = 2*j - 1. What is the units digit of x?
1
What is the units digit of (-4)/(-7) - 472/(-56)?
9
Let k = 34 + -16. What is the tens digit of k?
1
Let c(b) = -4*b**3 + b**2 - 2*b + 1. Let s be c(1). Let d = s - -4. Suppose w + 2*w - 42 = d. What is the units digit of w?
4
Suppose 0 = 3*y + 5 + 13. What is the units digit of 2 + -1 - (3 + y)?
4
Suppose -301 = -4*l - 65. What is the tens digit of l?
5
Let i(j) be the second derivative of j**5/20 + 7*j**4/12 + 5*j**2/2 + 2*j. What is the units digit of i(-7)?
5
Suppose -5*s + 103 + 52 = 0. What is the tens digit of s?
3
Suppose 15*m = 24*m - 603. What is the tens digit of m?
6
What is the tens digit of 217 + (4/8)/(1/(-2))?
1
Suppose 2*y + t - 216 = 0, 0 = -0*y + 2*y - 3*t - 216. What is the tens digit of y?
0
Suppose 3 = o + w, 3*w = -2*o + 8 - 0. Let x be o/(1/(-5)) + 1. Let l = x - -9. What is the units digit of l?
5
Suppose -5*r = 3 - 23. Let f = r + -3. What is the units digit of f?
1
Let h = 1 + 1. Let i(j) = -5 - h*j - 3*j + 4*j. What is the units digit of i(-6)?
1
Let c = -13 + 26. Let k be 148/(-6)*39/(-26). Suppose -k = -3*v - c. What is the unit